 divided by 1878?
1558
What is the remainder when 98008958 is divided by 24502238?
6
What is the remainder when 150505 is divided by 8850?
55
What is the remainder when 170558094 is divided by 85279038?
18
What is the remainder when 40921830 is divided by 8?
6
Calculate the remainder when 6682021 is divided by 78.
73
What is the remainder when 453285 is divided by 2531?
236
Calculate the remainder when 260619 is divided by 189.
177
Calculate the remainder when 61703432 is divided by 23.
21
What is the remainder when 89627 is divided by 1331?
450
What is the remainder when 4884795 is divided by 1497?
84
What is the remainder when 2557323 is divided by 211?
3
What is the remainder when 13735404 is divided by 1277?
1269
Calculate the remainder when 18639402 is divided by 916.
634
What is the remainder when 1663089 is divided by 47?
41
Calculate the remainder when 529484 is divided by 52890.
584
Calculate the remainder when 41782610 is divided by 10445650.
10
What is the remainder when 211863 is divided by 10589?
83
What is the remainder when 4893295 is divided by 2446634?
27
Calculate the remainder when 20477316 is divided by 6825697.
225
What is the remainder when 17153 is divided by 4268?
81
Calculate the remainder when 1238946 is divided by 1345.
201
What is the remainder when 3315252 is divided by 1793?
1788
What is the remainder when 3429201 is divided by 3429177?
24
What is the remainder when 732073 is divided by 4686?
1057
What is the remainder when 665623 is divided by 60327?
2026
What is the remainder when 252168 is divided by 252021?
147
What is the remainder when 71612 is divided by 4543?
3467
Calculate the remainder when 45872 is divided by 15213.
233
What is the remainder when 262492 is divided by 241?
43
What is the remainder when 16578247 is divided by 1746?
1723
Calculate the remainder when 24051285 is divided by 169.
50
Calculate the remainder when 3767 is divided by 1352.
1063
What is the remainder when 4257288 is divided by 1454?
1430
Calculate the remainder when 40796 is divided by 1677.
548
Calculate the remainder when 40473 is divided by 6180.
3393
Calculate the remainder when 3500246 is divided by 1750118.
10
What is the remainder when 242487 is divided by 499?
472
What is the remainder when 9276 is divided by 2966?
378
What is the remainder when 14862516 is divided by 118900?
16
Calculate the remainder when 523733946 is divided by 50.
46
What is the remainder when 769378 is divided by 85482?
40
What is the remainder when 4510 is divided by 500?
10
What is the remainder when 1944825 is divided by 829?
820
What is the remainder when 39003703 is divided by 549?
547
What is the remainder when 907439 is divided by 4256?
911
What is the remainder when 1773521 is divided by 306?
251
What is the remainder when 18190409 is divided by 108?
77
What is the remainder when 738114 is divided by 12100?
14
Calculate the remainder when 1823043 is divided by 343.
341
Calculate the remainder when 11959225 is divided by 478369.
0
What is the remainder when 32924 is divided by 1828?
20
What is the remainder when 1604002 is divided by 1149?
1147
What is the remainder when 151185 is divided by 1001?
34
Calculate the remainder when 1684922 is divided by 1536.
1466
Calculate the remainder when 411278 is divided by 3.
2
Calculate the remainder when 727367 is divided by 145473.
2
Calculate the remainder when 1108910037 is divided by 70.
67
What is the remainder when 1705170 is divided by 12725?
20
Calculate the remainder when 6547105 is divided by 110966.
111
Calculate the remainder when 1116744 is divided by 14495.
629
What is the remainder when 25697 is divided by 8560?
17
Calculate the remainder when 862424 is divided by 233.
91
Calculate the remainder when 328555 is divided by 1795.
70
Calculate the remainder when 368877 is divided by 3445.
262
Calculate the remainder when 3106983 is divided by 79.
71
Calculate the remainder when 183916 is divided by 61239.
199
Calculate the remainder when 4805329 is divided by 4302.
4297
What is the remainder when 373475 is divided by 81?
65
What is the remainder when 1603773 is divided by 801805?
163
Calculate the remainder when 48014 is divided by 1090.
54
What is the remainder when 28756701 is divided by 986?
11
Calculate the remainder when 31427 is divided by 595.
487
Calculate the remainder when 63558724 is divided by 34.
8
Calculate the remainder when 283016794 is divided by 12.
10
Calculate the remainder when 53516 is divided by 962.
606
What is the remainder when 17057 is divided by 1319?
1229
Calculate the remainder when 1386695 is divided by 2895.
2885
Calculate the remainder when 16823 is divided by 5475.
398
Calculate the remainder when 29140583 is divided by 5.
3
What is the remainder when 74821 is divided by 170?
21
What is the remainder when 6103015 is divided by 1155?
1150
What is the remainder when 145698085 is divided by 2443?
8
What is the remainder when 255598688 is divided by 93?
92
What is the remainder when 75427250 is divided by 1579?
1578
What is the remainder when 7048059 is divided by 1405?
579
Calculate the remainder when 371354 is divided by 74266.
24
Calculate the remainder when 6433718 is divided by 623.
620
What is the remainder when 8760 is divided by 2345?
1725
What is the remainder when 73986 is divided by 125?
111
What is the remainder when 176079466 is divided by 5502483?
10
What is the remainder when 8146056 is divided by 656?
504
What is the remainder when 146418408 is divided by 7364?
7360
What is the remainder when 241151 is divided by 329?
323
What is the remainder when 16462623 is divided by 411?
18
Calculate the remainder when 299 is divided by 3.
2
What is the remainder when 1082109 is divided by 40075?
84
Calculate the remainder when 487244030 is divided by 6248.
6246
What is the remainder when 4015810 is divided by 1338526?
232
What is the remainder when 1831592 is divided by 189?
182
What is the remainder when 13444120 is divided by 49793?
10
What is the remainder when 4309302 is divided by 945?
102
Calculate the remainder when 295257 is divided by 2724.
1065
What is the remainder when 2340692 is divided by 64963?
2024
What is the remainder when 30627677 is divided by 5104612?
5
What is the remainder when 755015 is divided by 167?
8
What is the remainder when 19638068 is divided by 6376?
6364
Calculate the remainder when 54435 is divided by 836.
95
What is the remainder when 59232 is divided by 1986?
1638
Calculate the remainder when 180013 is divided by 88987.
2039
What is the remainder when 53967 is divided by 1305?
462
Calculate the remainder when 398678 is divided by 114.
20
Calculate the remainder when 42433271 is divided by 51.
47
Calculate the remainder when 256974 is divided by 85522.
408
What is the remainder when 580655 is divided by 24191?
71
Calculate the remainder when 254778529 is divided by 1854.
1849
Calculate the remainder when 3700130 is divided by 606.
500
Calculate the remainder when 2972514 is divided by 139.
138
Calculate the remainder when 67069117 is divided by 1234.
1217
Calculate the remainder when 28089526 is divided by 338428.
2
What is the remainder when 31509 is divided by 4440?
429
What is the remainder when 201022 is divided by 498?
328
Calculate the remainder when 595482 is divided by 2612.
2558
What is the remainder when 736114 is divided by 245146?
676
Calculate the remainder when 1708103 is divided by 832.
7
Calculate the remainder when 20992678 is divided by 79.
8
Calculate the remainder when 7162 is divided by 2387.
1
What is the remainder when 89369030 is divided by 201?
8
What is the remainder when 328527 is divided by 46827?
738
Calculate the remainder when 44889549 is divided by 155.
154
What is the remainder when 79326283 is divided by 1135?
1133
Calculate the remainder when 332280047 is divided by 597.
593
Calculate the remainder when 4957 is divided by 11.
7
What is the remainder when 15999334 is divided by 110340?
34
Calculate the remainder when 380524 is divided by 34591.
23
What is the remainder when 2243025 is divided by 149504?
465
What is the remainder when 1910 is divided by 1876?
34
Calculate the remainder when 6375172 is divided by 536.
524
What is the remainder when 141460182 is divided by 2472?
2454
Calcu